 = -2*d - 7. Let o(i) = 3*i**2 + 19*i - 8. Let q be o(-8). Let x = q - 37. Give c(x).
3
Let p(u) = 11*u**3 - 2*u**2 + 6*u + 1. Let i(z) = -z**3 + z**2 - z. Let s = 15 - 2. Let x = -14 + s. Let c(v) = x*p(v) - 4*i(v). Give c(-1).
6
Let l(q) = -22*q - 746. Let x be l(-34). Let p(n) be the second derivative of -9*n - 1/12*n**4 + 1/2*n**x - 1/3*n**3 + 0 + 1/20*n**5. What is p(2)?
1
Suppose 29*z - 28*z - 4 = 0. Suppose 0 = z*b - h - h + 6, -3*b + 4*h - 7 = 0. Let o(t) = 2*t**3 + t**2 + t + 1. Calculate o(b).
-1
Let x(r) = -2*r + 6*r - r**3 - 3*r + 1. Suppose -2 - 2 = -2*j - p, 0 = -2*p + 8. What is x(j)?
1
Let k = 44 - 20. Suppose 0*d - k = 4*d. Let x(l) = l**2 + l + 1. Let v(a) = -2*a**2 - 8*a - 8. Let c(w) = v(w) + x(w). Give c(d).
-1
Let k be (-1442)/119 - (-22)/187. Let s(g) = -g + 30. Let n(r) = -15. Let j(o) = -5*n(o) - 2*s(o). Calculate j(k).
-9
Suppose 364 - 60 = -76*i. Let a(j) = -j**3 - j**2 - j + 6. Let n(w) = w**3 + 2*w - 7. Let d(l) = -3*a(l) - 2*n(l). Calculate d(i).
-16
Let j(s) be the second derivative of s**4/12 + s**3/6 - 31*s**2/2 - s - 36. Determine j(0).
-31
Let m(k) be the third derivative of k**6/60 - k**5/20 - k**4/24 + 2*k**2 - 17*k. What is m(3)?
24
Let t(l) = -4*l - 4 - 3 + 4 + l**2. Suppose -3*w - 60 = 15. Let h = 23 + w. What is t(h)?
9
Let g(b) be the first derivative of 11*b**2/2 + 3*b + 56. Suppose -3*w + 2 - 8 = 0. Determine g(w).
-19
Let f(j) = -9*j**3 + 1. Suppose -109*m + 2 = -111*m. Calculate f(m).
10
Suppose 52*p = -27 - 77. Let l(s) = -s**3 - 2 + 1 + 2 - 2*s**2. Calculate l(p).
1
Let i(p) = -564 + 1131 - 568 - 7*p. Calculate i(6).
-43
Let g(r) = -10*r**2 + 111*r**3 - 7*r - 56*r**3 + 11 - 56*r**3. Determine g(-9).
-7
Let q = -46 - -65. Suppose -z + 15 = q. Let a(c) = c**3 + 6*c**2 + 7*c + 5. Determine a(z).
9
Let h = -1996 + 2004. Let v(n) be the second derivative of -n**3/2 + 5*n**2/2 - 3*n. Calculate v(h).
-19
Let i = -5 + 3. Let u(r) = -8*r**2 - 8*r. Let m(o) = o**2 + o. Let a(b) = 6*m(b) + u(b). Let h be a(i). Let d(f) = f**2 + 6*f + 6. Calculate d(h).
-2
Suppose 0 = 4*d + 2 + 22. Suppose 0*z = z - 2. Let i(s) = z*s - s + 23 - 9. Give i(d).
8
Let j be 0 - 0 - (5 + 0). Let i(c) = -c. Let x(b) = 6 - 16 + 6 + 6 + 2*b. Let k(o) = -5*i(o) - 3*x(o). Determine k(j).
-1
Let d(g) be the first derivative of 1/10*g**5 + 1/2*g**2 + 6 - 1/3*g**4 - 12*g - 1/6*g**3. Let y(u) be the first derivative of d(u). Calculate y(3).
16
Let q(u) = u**3 - 2*u**2 - 2*u + 3. Suppose -4 = -s, 3*i + 2*s = 2*i + 10. Give q(i).
-1
Let x(w) = -5*w + 154. Let v(j) = 4*j - 128. Let m(l) = 6*v(l) + 5*x(l). Suppose -2*b - 8 = 0, -3*d - 2*b = -d - 10. Give m(d).
-7
Let r be -1*16/4 - 2. Let m(a) = a**2 + 3*a + 1. Let d(k) = -6*k**2 - 20*k + 3. Let z(j) = d(j) + 5*m(j). Give z(r).
2
Let f(q) = -16*q**2 + 13*q + 25. Let b(l) = 7*l**2 - 6*l - 11. Let w(z) = -9*b(z) - 4*f(z). Determine w(-5).
14
Let o(s) = -15*s**3 - s**2 + 1. Let u = 42 - 40. Let x(f) = -f**3 + 3*f + 1. Let t be x(u). Give o(t).
15
Let f(q) be the second derivative of q**4/12 - 2*q**3 + 9*q**2 - 135*q. Determine f(11).
7
Let m(v) = v**3 + 11*v**2 + 11*v + 7. Let p be 4/(-18) + 88/(-9). Calculate m(p).
-3
Let q(c) = 135 + 3*c - 123 - c - c. Give q(-5).
7
Let r(f) = f - 2. Suppose 3*p + d + 12 = 0, -9 = -2*d - d. Determine r(p).
-7
Suppose 2*w + s + 111 = 0, -3*s + 1 = -14. Let o = w + 66. Let u(n) = -n - 1. What is u(o)?
-9
Let a(f) = -21*f + 18. Let i(m) = 6*m - 1. Let c(s) = a(s) + 4*i(s). Determine c(0).
14
Suppose 0 = -38*f + 189 + 77. Let o(a) = a**2 - 6*a - 2. Calculate o(f).
5
Let a(j) be the second derivative of j**7/2520 - j**6/144 + j**4/2 + 9*j. Let b(v) be the third derivative of a(v). Calculate b(4).
-4
Let m(b) be the second derivative of -b**4/12 - 3*b**3/2 + 9*b**2/2 - 170*b. Give m(-10).
-1
Let u be 2/(7 + -10 - (-22)/6). Let b(k) = -115*k**u + 5*k**2 - 9*k + k + 116*k**3 - 7. Calculate b(-6).
5
Let u(l) = l**2 + 5*l - 11. Suppose -2*a + 42 = 52. Determine u(a).
-11
Let v(p) = 15*p**3 + p**2 - 1. Let t = 7 - 5. Suppose 3*s - 2*y = t*y + 23, -2*s - 2*y - 8 = 0. Calculate v(s).
15
Suppose 10 - 2 = 2*m. Suppose -4 = r + m*i - 10, -4 = -r - 2*i. Let p(l) = -3*l**r + 1 - 6 + 4*l + 2*l**2. Calculate p(4).
-5
Let u(x) be the first derivative of -x**4/8 + 7*x**3/6 + 39*x**2/2 - 11. Let q(r) be the second derivative of u(r). Calculate q(5).
-8
Let r(g) = -5*g**3 + 12*g**2 + 7*g + 15. Let q(u) = 6*u**3 - 13*u**2 - 7*u - 15. Let l(c) = 6*q(c) + 7*r(c). Let z be l(-5). Let y(j) = 4*j + 1. Give y(z).
21
Let m(g) be the first derivative of g**7/840 - g**6/360 - g**5/120 + 7*g**4/12 - 14*g**3/3 - 9. Let o(w) be the third derivative of m(w). What is o(0)?
14
Let b(k) = -4*k**3 - 7*k**3 + 4*k**3 + k**3 - 2*k**3. What is b(1)?
-8
Let l be -6*((-1)/1 - 0). Let c(i) = -2*i - 6. Let t be c(-10). Let o(y) = -8*y - 2*y**2 - 13*y**3 + 8 - 3*y**2 + t*y**3. Give o(l).
-4
Let s(b) = -b**2 + 6*b + 8. Let k be s(7). Let o = -52 + 58. Let z(j) = j**2 + 3*j**2 + 5*j - o*j + 3*j**3 - 3*j**2. Determine z(k).
3
Suppose -7*p - 378 = -4*p. Let q be 4/6*p/12. Let c(r) = -r**3 - 7*r**2 + 8. Calculate c(q).
8
Let i(a) = a + 5. Let y(z) = -9*z - 25. Let f(b) = -10*i(b) - 2*y(b). Give f(3).
24
Let x(f) = 4*f**2 + 2*f + 15. Suppose 2*v = -3*v - 3*c + 13, -3*v - c + 11 = 0. Let o(t) = 3*t**2 + 3*t + 14. Let p(s) = v*o(s) - 4*x(s). Calculate p(8).
2
Let k(z) be the third derivative of z**6/120 - z**5/20 - z**4/24 - 7*z**3/6 - 8*z**2. Let v be k(4). Let f(t) = t**2 - 6*t - 1. What is f(v)?
-6
Let w(t) be the second derivative of t**5/20 + 2*t**4/3 - t**3/3 + 7*t**2/2 + 2*t - 168. Determine w(-8).
23
Let i(o) = -2*o**2 + 2*o - 1. Let h be i(1). Suppose 126 = -65*j + 68*j. Let c(v) = 21*v + 15*v - j*v. Give c(h).
6
Suppose 5*d - 20 - 12 = 2*j, 5*d + 4*j - 56 = 0. Let o be (-1)/1 - (-1)/1. Suppose -2*l = -o*l - d. Let v(z) = 2*z**2 - 6*z + 1. Give v(l).
9
Let y be (((-27)/15)/3)/(3/15). Let n(t) be the first derivative of t**3/3 + t**2/2 + 3*t + 2. What is n(y)?
9
Let u(n) = 6*n + 5. Let c(r) = -13*r - 12. Let a(s) = -2*c(s) - 5*u(s). Give a(-6).
23
Let b = 286 - 283. Let w(r) = -r**2 - r + 7. Calculate w(b).
-5
Let x(t) = -3*t**2 + 5*t - 16. Let n(j) = -2*j**2 + 6*j - 15. Let d(y) = -4*n(y) + 3*x(y). Give d(-10).
2
Suppose 0 = 10*i - 54*i - 10*i. Let n(o) be the first derivative of 9*o + i*o**2 - 11 - 1/3*o**3. What is n(0)?
9
Let i(l) = -l**3 + 6*l**2 - 6*l - 4. Let p(t) = -t**2 - 9*t - 9. Let j be p(-7). Calculate i(j).
-9
Let h(w) be the third derivative of w**4/24 + w**3/3 - 7*w**2. Suppose -5*l + 4*d = -8, 2*d = 2*l - 8 + 4. Give h(l).
2
Suppose 35*j + 104 = 22*j. Let n(i) = -i**3 - 6*i**2 + 10*i - 9. Calculate n(j).
39
Let t(o) = o**3 + 10*o**2 - o + 8. Let w(c) = 3*c**3 + 28*c**2 - 3*c + 22. Let g(z) = 17*t(z) - 6*w(z). Determine g(3).
-2
Let r(j) = -6*j - 1. Let d be r(-1). Let p(x) = 6*x**2 + 0 + 3*x**3 + 2 + d*x - 2*x**3. Suppose 12 = -5*w - 13. Calculate p(w).
2
Let v be (820/52)/(-5) - 4/(-26). Let r(i) = i**2 + 5*i. Give r(v).
-6
Suppose 11*r + 6 = 13*r. Suppose -3*p + 5 = h, -2*p + 9 = -r*h + p. Let m(t) = 3*t. Determine m(h).
-3
Let h(q) = -q**3 + q**2 + 9. Let s be 5 + (-1128)/235 + 2/(-10). Determine h(s).
9
Suppose 4*t - 13 = 3*a, -4*a + 8*a - 16 = -3*t. Let i(d) = d**3 - 6*d**2 + 9*d + 1. Calculate i(t).
5
Let u(m) = -m**3 - 4*m**2 - 7*m - 9. Let f = 612 + -614. Calculate u(f).
-3
Let s be 24/4 - 44*(-1)/(-4). Let n(b) be the second derivative of -b**4/12 - 7*b**3/6 - b. Determine n(s).
10
Let k(i) be the second derivative of -i**5/20 - i**4/12 + 2*i**3/3 + 3*i**2/2 + i. Suppose 98 - 116 = 6*p. Give k(p).
9
Let b(w) = -w**2 + 10*w - 11. Suppose -8 = 34*z - 35*z. Give b(z).
5
Let w(c) = c - 2. Let b(n) = -4*n + 16. Let t(m) = b(m) + 3*w(m). Suppose 2*z - 95 = -5*k - z, 5*k - 4*z - 130 = 0. Let x = 31 - k. Calculate t(x).
1
Let u(y) = 3*y + 212617*y**3 - 212619*y**3 + y**2 + 2 + 0*y**2. What is u(-2)?
16
Let s(u) = -u**2 + 2. Let g be s(0). Let c(j) = 4 - 2*j**g + 4*j**3 - 4 + 3*j**2. Let n be 4 - 12/(-20)*-5. Give c(n).
5
Suppose 21 = 5*g + 6. Suppose 3*v - 10 = 4*v - g*c, 0 = -v - 5*c + 14. Let p(b) = -66*b - 69*b + 137*b. Determine p(v).
-2
Let v(d) be the first derivative of -d**4/4 + 2*d**3 - 3*d**2/2 + 11*d + 135. Calculate v(6).
-7
Let j(m) be the second derivative of -m**5/20 + m**4